the highest common factor of 93 and m?
31
Suppose -7*s + 86175 = 58070 - 66836. Calculate the highest common factor of s and 99.
99
Let f = 2935 - 2515. What is the greatest common divisor of f and 160?
20
Suppose -2*y - 320 = -760. Let x be (20/(-12))/((-1)/3). Suppose 0*p = -p + 2*h + 16, 0 = -x*h + 15. What is the highest common factor of p and y?
22
Let j be (1/((-2)/9185))/(7*(-27)/378). What is the greatest common divisor of j and 220?
55
Suppose 33488 = 1421*o - 1413*o. What is the highest common factor of o and 2254?
322
Let x = -149 - -233. Suppose -3*h - 3 = -9. Suppose 0 = k - h*k + 210. Calculate the greatest common factor of k and x.
42
Suppose -33*g + 22*g + 9409 = 86*g. Calculate the highest common divisor of 80219 and g.
97
Let z be (-2)/11 - ((-10848)/44)/3. Suppose 2245 + z = 13*f. Suppose 4*y + f = 3*c, c + 3*c = y + 256. Calculate the highest common factor of c and 5.
5
Let g be 11/88 + (-6380)/(-160). What is the highest common factor of 6280 and g?
40
Suppose 628 - 4658 = -31*s. What is the greatest common divisor of s and 338?
26
Let x(v) = -v**3 - 58*v**2 + 53*v - 262. Let g be x(-59). Calculate the highest common divisor of g and 24.
4
Let w(q) = -586*q + 8785. Let k be w(14). Calculate the greatest common divisor of k and 175.
7
Suppose 368*t + 7845 = 2*m + 367*t, -2*t = -m + 3924. What is the highest common divisor of 74 and m?
74
Let o(l) = -3*l**2 + 13*l - 23. Let x be o(2). Let p be (-260)/(-25) - (-8)/((-120)/x). Suppose 220 = 2*t - 0*t. What is the greatest common divisor of p and t?
11
Suppose 0 = 3*n - 2*n - 45. Let y(f) = 4*f - 7. Let p be y(2). Let s be (1 - p/(-3))/(310/62775). What is the greatest common divisor of s and n?
45
Suppose 1714 = 4*k + x, 2*x + 1280 = 56*k - 53*k. Calculate the highest common factor of 2461 and k.
107
Suppose -4*m = -3*s - 151, 5*s + 11 + 14 = 0. Let b = 60 - 43. What is the highest common divisor of b and m?
17
Let f(a) = a**3 - 64*a**2 + 245*a - 286. Let k be f(60). What is the greatest common factor of 112 and k?
14
Let q(p) = 36*p**2 - p - 325. Let i be q(-9). What is the highest common divisor of 80 and i?
40
Let y(b) = -b**2 + 13*b - 25. Let j be y(8). Let v(c) = c**2 - 8*c + 33. Let n be v(j). Calculate the greatest common divisor of 184 and n.
46
Let f = -155 - -139. Let u(m) = -12*m - 101. Let a be u(f). Calculate the highest common factor of a and 26.
13
Let w = 214 + -200. Suppose -275 = w*f - 919. What is the greatest common divisor of 253 and f?
23
Let b(c) = 94*c - 666. Let q be b(11). Calculate the highest common divisor of 48 and q.
16
Suppose 9958 = -3*a - 5*c + 24257, 3*c = 3*a - 14331. What is the highest common factor of a and 222?
111
Let l be -3*2/(-12)*236. Let a = l - 78. Let i be (a/(-16))/(1/(-10)). What is the highest common factor of i and 5?
5
Suppose 0 = -30*x + 168*x - 38640. What is the highest common divisor of x and 4620?
140
Let o(s) = 20*s**2 - 31*s + 1. Let h be o(5). Suppose h = 2*d + 2*m, 5*m - 694 = 2*d - 6*d. What is the highest common divisor of d and 19?
19
Let x(w) = -1478*w - 13. Let m be x(-1). Suppose 21*t + 541 = m. Calculate the highest common divisor of 66 and t.
22
Let w be (3 - -69) + -4 - -2. Let k = 13 + -9. Let u be (k/5)/((28/50)/7). Calculate the highest common factor of w and u.
10
Suppose 348*j = -896 + 6464. What is the highest common divisor of 13336 and j?
8
Suppose -33*k = 7*k + 8*k - 432. What is the greatest common divisor of k and 3411?
9
Let w be (-17)/((-1)/(-31)*1). Let v = w + 942. Calculate the greatest common divisor of v and 332.
83
Let s be 90/(-480) - 1096844/(-64). What is the greatest common factor of 33 and s?
11
Let n(h) = -361*h - 17966. Let z be n(-50). What is the highest common divisor of z and 111?
3
Suppose -3*y + t = -7*y + 3, 3*y = 4*t + 26. Let z be 4 - ((5 - 6) + y). Let r be ((1 - z) + 71)*(-4)/(-6). What is the highest common factor of r and 368?
46
Suppose -x - 17*k + 16*k = -5690, -17076 = -3*x - 4*k. Calculate the highest common factor of x and 42.
14
Let o be 2/(10/((-244640)/(-16))). Calculate the highest common divisor of 278 and o.
278
Suppose -z + 9892 = 2*x, 0 = -11*x + 15*x - 2*z - 19808. Calculate the highest common divisor of x and 202.
101
Let g be (152/(-10))/(3 + 48/(-15)). Let r = -167 + g. Let w = 256 + r. What is the greatest common divisor of w and 66?
33
Let t = 1201 + -704. Suppose 5*i + t + 144 = 2*s, 1 = i. What is the highest common divisor of 17 and s?
17
Suppose -u + 4*k = -2*u + 73, -2*u + 146 = -2*k. Suppose -3*n + 74 = -u. What is the highest common factor of n and 833?
49
Let u be (-2)/(-5)*-1587*260/(-702)*9. What is the greatest common divisor of 736 and u?
92
Suppose 0*z + 861 = 4*f - 3*z, -2*z = 2*f - 420. Let k = -179 + f. What is the highest common divisor of 136 and k?
34
Let b(m) = -5*m - 25. Let x be b(-6). Let j(a) = -a**3 + 6*a**2 - 8*a + 39. Let l be j(x). What is the greatest common divisor of 108 and l?
12
Let i = 245 + -140. Let g be 0 + 240 - (-6)/(-18)*-15. Calculate the greatest common divisor of g and i.
35
Suppose 14*u - 165 = -39. Suppose -f + 7 = 3*t, 8*f = -t + u*f + 9. What is the greatest common factor of 3 and t?
1
Let s(j) = 984*j + 565. Let z be s(2). What is the highest common divisor of 68 and z?
17
Suppose 16*n = 786 + 750. Calculate the highest common divisor of n and 312.
24
Let b be ((-6)/4)/(6*(-4)/(-992)). Let y be (b - -137) + 0/1. What is the highest common divisor of 15 and y?
15
Suppose 11*h + 1495 + 3158 = 0. Let t = -407 - h. Calculate the highest common divisor of t and 28.
4
Suppose 3*u + 910 = 4*f - 159, -3*u + 1075 = 4*f. Calculate the greatest common divisor of f and 4087.
67
Let x(f) be the first derivative of f**3/3 + f**2 - 11*f - 41. Let b be x(-5). Calculate the highest common divisor of b and 52.
4
Let a be 3 - 1/(3/(-6)). Let r(q) = 23*q + 5. Let i be r(a). Suppose -4*h - 11 = -5*h + 2*c, 3*h + c = 47. What is the greatest common divisor of h and i?
15
Let o be (-86)/(-9) - 336/(-756). What is the highest common factor of o and 14090?
10
Let q = -4701 - -4800. What is the highest common factor of q and 198?
99
Let a = -6955 + 6967. Let l(s) = s**2 + s - 4. Let j be l(4). What is the greatest common factor of j and a?
4
Let s = 3994 + -3814. Calculate the greatest common divisor of 16605 and s.
45
Suppose 24*s + s - 3402 = -1027. Calculate the greatest common factor of 25 and s.
5
Let f be (-1044)/(-90) - 2/(-5). Suppose f*g + 281 = 5081. Calculate the greatest common divisor of 25 and g.
25
Let j be ((-5)/2 - -1)*-6. Let x = j + 39. Suppose 3*t + 18 = x. What is the highest common factor of 170 and t?
10
Let v(q) = q**2 - 2*q + 253. Let y be v(0). Let o = -230 + y. What is the highest common divisor of 368 and o?
23
Let i(o) = -3*o + o**2 - 10*o + 609 - 576. Let s be i(12). Calculate the highest common divisor of 56 and s.
7
Let o be 5 + 2 + 6/(-2). Suppose -2*x - 13 = -11. Let q be x/(((-28)/(-4))/(-56)). What is the highest common factor of o and q?
4
Let w = 17 + -12. Suppose -1 - 15 = -4*d, -d = w*y - 1694. What is the highest common factor of y and 52?
26
Let n(k) = 4*k - 6. Let y be n(-6). Let o be 5/(y/(-36)) + 48. What is the greatest common divisor of o and 12?
6
Suppose 0 = t + 253 - 349. Let d be 9 + (1 + -3 - 0). Suppose -t = -d*z + z. What is the highest common divisor of 208 and z?
16
Suppose 4*g + 143 - 32 = 5*z, -2*z + 48 = 2*g. Let d(h) = 76*h + 131. Let w be d(1). What is the greatest common divisor of z and w?
23
Let j = -919 - -2403. Calculate the greatest common divisor of j and 28.
28
Suppose 0 = 12*a - 1723 + 703. Calculate the greatest common factor of 34 and a.
17
Let c be (-21)/(78/9 - 9). Let l = -48 + 153. Calculate the highest common divisor of l and c.
21
Let s = 123 + -57. Suppose 37*w + 4061 = 12145 + 18778. What is the highest common divisor of s and w?
66
Let o be -9*3*2/(-6). Suppose -5*z = -o + 19. Let s be z/(-2) - (1 + -24). Calculate the greatest common divisor of 16 and s.
8
Let o(p) = p**3 + 8*p**2 + 12*p + 5. Let d be o(-6). Suppose 0 = -2*q + 3*u + 2349, u = d*q - 6453 + 600. Calculate the highest common factor of q and 26.
26
Let g be 3*1 - -3*5/15. Let q = -223 - -225. Suppose -q*f + 57 = 5*w, -f - g*w = -6*f + 192. Calculate the highest common factor of 24